e 9) to base 2
0
What is -202 (base 3) in base 14?
-16
What is -6 (base 7) in base 13?
-6
Convert -2b (base 16) to base 6.
-111
161 (base 9) to base 11
114
What is 5 (base 9) in base 15?
5
What is 20 (base 11) in base 15?
17
Convert -3 (base 5) to base 9.
-3
What is -23 (base 5) in base 16?
-d
Convert 23 (base 5) to base 6.
21
Convert -4 (base 9) to base 11.
-4
-2 (base 9) to base 16
-2
What is -12 (base 7) in base 6?
-13
-1 (base 7) to base 2
-1
What is 3 (base 16) in base 11?
3
-db (base 15) to base 5
-1311
What is -521 (base 6) in base 11?
-166
Convert -16c (base 14) to base 11.
-246
Convert 112 (base 9) to base 4.
1130
Convert -143 (base 10) to base 16.
-8f
-1 (base 4) to base 3
-1
What is -6 (base 15) in base 13?
-6
What is -2103 (base 4) in base 7?
-300
What is 3 (base 16) in base 10?
3
Convert -13 (base 7) to base 16.
-a
Convert 4 (base 12) to base 11.
4
10111110 (base 2) to base 10
190
Convert -b0 (base 12) to base 7.
-246
What is 21 (base 10) in base 13?
18
What is 30 (base 5) in base 13?
12
1 (base 10) to base 15
1
-5 (base 10) to base 8
-5
Convert 0 (base 5) to base 10.
0
Convert -36 (base 7) to base 11.
-25
11 (base 3) to base 15
4
Convert 2 (base 12) to base 15.
2
-8 (base 16) to base 15
-8
Convert -43 (base 7) to base 14.
-23
170 (base 10) to base 2
10101010
19a (base 12) to base 2
100000110
What is -52 (base 10) in base 7?
-103
5b (base 13) to base 10
76
36 (base 14) to base 7
66
What is -1201 (base 3) in base 13?
-37
101010 (base 2) to base 15
2c
What is 41 (base 8) in base 7?
45
-31 (base 8) to base 13
-1c
Convert -103 (base 6) to base 5.
-124
c (base 16) to base 15
c
-24 (base 13) to base 15
-20
What is -12 (base 16) in base 8?
-22
Convert 12 (base 10) to base 5.
22
Convert 0 (base 13) to base 8.
0
Convert -9 (base 15) to base 5.
-14
3 (base 14) to base 5
3
What is 1 (base 10) in base 2?
1
Convert -14 (base 16) to base 12.
-18
Convert -55 (base 10) to base 3.
-2001
What is 19 (base 11) in base 10?
20
-5 (base 15) to base 16
-5
What is 14 (base 11) in base 10?
15
-100 (base 2) to base 3
-11
Convert 1 (base 16) to base 11.
1
Convert 3 (base 4) to base 3.
10
-7 (base 15) to base 5
-12
What is -43 (base 5) in base 12?
-1b
-13 (base 10) to base 11
-12
Convert 13 (base 10) to base 16.
d
93 (base 15) to base 4
2022
-3113 (base 4) to base 8
-327
What is 11 (base 13) in base 14?
10
-1 (base 4) to base 3
-1
What is -11 (base 2) in base 11?
-3
365 (base 8) to base 4
3311
47 (base 12) to base 16
37
Convert 1 (base 8) to base 5.
1
Convert -10 (base 9) to base 14.
-9
What is -51 (base 9) in base 15?
-31
Convert 3 (base 7) to base 3.
10
What is 8 (base 12) in base 13?
8
What is 3 (base 7) in base 5?
3
What is 9 (base 11) in base 2?
1001
-52 (base 8) to base 2
-101010
2 (base 11) to base 3
2
What is -11 (base 16) in base 8?
-21
Convert -3 (base 6) to base 12.
-3
9 (base 13) to base 10
9
1 (base 8) to base 5
1
What is 2 (base 9) in base 2?
10
What is 45 (base 7) in base 13?
27
Convert -1b (base 15) to base 4.
-122
Convert 12 (base 13) to base 16.
f
10 (base 11) to base 13
b
-5 (base 9) to base 7
-5
What is -10 (base 2) in base 13?
-2
Convert -212 (base 4) to base 12.
-32
Convert 3233 (base 4) to base 8.
357
What is -14 (base 16) in base 12?
-18
Convert 17 (base 10) to base 9.
18
What is 36 (base 10) in base 5?
121
What is 112111 (base 3) in base 2?
110000111
Convert 10 (base 2) to base 15.
2
5 (base 15) to base 10
5
Convert 201 (base 5) to base 2.
110011
What is -1 (base 6) in base 15?
-1
-2 (base 10) to base 7
-2
Convert 23 (base 15) to base 9.
36
132 (base 5) to base 7
60
Convert -1101 (base 2) to base 5.
-23
Convert -1 (base 4) to base 8.
-1
-3 (base 4) to base 8
-3
What is 1 (base 15) in base 16?
1
What is -8a (base 11) in base 9?
-118
What is -258 (base 9) in base 15?
-e5
Convert 12 (base 4) to base 16.
6
Convert -2 (base 6) to base 4.
-2
0 (base 13) to base 8
0
What is 10 (base 6) in base 10?
6
Convert 30 (base 12) to base 10.
36
Convert -4 (base 5) to base 6.
-4
What is -7 (base 12) in base 16?
-7
Convert 102 (base 6) to base 5.
123
-10111001 (base 2) to base 14
-d3
What is -10000 (base 2) in base 8?
-20
-1110101 (base 2) to base 15
-7c
What is 1b (base 14) in base 11?
23
Convert -17 (base 9) to base 14.
-12
20 (base 7) to base 13
11
-1 (base 7) to base 6
-1
Convert -1 (base 14) to base 13.
-1
1353 (base 6) to base 11
2a5
Convert -24 (base 5) to base 7.
-20
Convert 11 (base 8) to base 13.
9
16 (base 12) to base 2
10010
What is -1212 (base 3) in base 14?
-38
What is 11 (base 5) in base 3?
20
What is 0 (base 7) in base 9?
0
What is 15 (base 8) in base 13?
10
Convert 4 (base 9) to base 3.
11
What is 2 (base 15) in base 6?
2
-1 (base 15) to base 2
-1
What is 601 (base 7) in base 12?
207
Convert 21 (base 4) to base 8.
11
What is 100 (base 2) in base 15?
4
Convert 0 (base 11) to base 10.
0
What is -1 (base 3) in base 14?
-1
What is -251 (base 12) in base 3?
-110221
What is 3 (base 7) in base 11?
3
What is -8 (base 14) in base 9?
-8
Convert -5 (base 11) to base 9.
-5
What is 152 (base 6) in base 14?
4c
Convert -3 (base 15) to base 3.
-10
What is -16 (base 12) in base 5?
-33
What is -181 (base 10) in base 7?
-346
Convert -411 (base 8) to base 13.
-175
What is 2 (base 9) in base 15?
2
Convert 2 (base 9) to base 14.
2
2 (base 9) to base 16
2
What is -2 (base 14) in base 11?
-2
What is 0 (base 9) in base 8?
0
Convert -31 (base 7) to base 13.
-19
What is -6 (base 15) in base 2?
-110
0 (base 6) to base 3
0
Convert 51 (base 8) to base 16.
29
202 (base 4) to base 5
114
Convert -3 (base 16) to base 13.
-3
35 (base 14) to base 3
1202
-30 (base 8) to base 13
-1b
What is b (base 12) in base 10?
11
Convert -46 (base 13) to base 8.
-72
What is 22 (base 10) in base 8?
26
Convert -1 (base 14) to base 2.
-1
Convert 3 (base 15) to base 6.
3
2 (base 7) to base 5
2
3 (base 9) to base 8
3
Convert -e4 (base 15) to base 9.
-257
Convert -49 (base 10) to base 5.
-144
-a (base 13) to base 6
-14
Convert 1 (base 13) to base 10.
1
Convert 2 (base 9) to base 3.
2
0 (base 7) to base 8
0
4 (base 6) to base 9
4
3 (base 7) to base 10
3
What is 14 (base 8) in base 2?
1100
-1 (base 9) to base 4
-1
Convert -31 (base 6) to base 3.
-201
Convert 27 (base 8) to base 3.
212
Convert -ad (base 16) to base 12.
-125
-15 (base 7) to base 4
-30
What is -15 (base 15) in base 7?
-26
Convert 33 (base 4) to base 15.
10
What is -2 (base 8) in base 9?
-2
What is 40 (base 6) in base 4?
120
Convert -21002 (base 3) to base 2.
-10111111
3 (base 12) to base 3
10
68 (base 11) to base 9
82
Convert d (base 14) to base 12.
11
What is -125 (base 6) in base 12?
-45
1 (base 9) to base 7
1
Convert 1 (base 16) to base 14.
1
Convert 8 (base 16) to base 12.
8
What is -44 (base 8) in base 4?
-210
100001 (base 2) to base 5
113
2 (base 4) to base 10
2
-30 (base 5) to base 2
-1111
Convert -1010100 (base 2) to base 12.
-70
Convert 0 (base 12) to base 13.
0
What is -3 (base 16) in base 8?
-3
-2 (base 4) to base 16
-2
Convert 10 (base 3) to base 7.
3
-4 (base 11) to base 3
-11
What is 20 (base 12) in base 7?
33
Convert 7b (base 15) to base 3.
11022
Convert -37 (base 10) to base 6.
-101
Convert -14 (base 8) to base 10.
-12
What is 111 (base 2) in base 4?
13
Convert -80 (base 14) to base 15.
-77
Convert -224 (base 7) to base 13.
-8c
95 (base 13) to base 7
233
63 (base 9) to base 4
321
Convert 112 (base 8) to base 12.
62
What is -6 (base 11) in base 8?
-6
What is b4 (base 15) in base 4?
2221
What is -1 (base 2) in base 13?
-1
What is -75 (base 9) in base 2?
-1000100
What is 91 (base 12) in base 8?
155
1132 (base 6) to base 15
132
-2 (base 15) to base 10
-2
4 (base 16) to base 14
4
What is 9 (base 15) in base 7?
12
What is -113 (base 4) in base 14?
-19
-6b (base 14) to base 7
-164
Convert -2 (base 4) to base 3.
-2
What is 18 (base 10) in base 6?
30
What is -3a (base 11) in base 3?
-1121
What is -d (base 15) in base 12?
-11
Convert -12 (base 14) to base 15.
-11
-13 (base 12) to base 15
-10
1 (base 9) to base 3
1
Convert 1 (base 2) to base 12.
1
Convert 61 (base 8) to base 14.
37
What is -b (base 14) in base 7?
-14
Convert 5 (base 6) to base 12.
5
What is -13 (base 10) in base 15?
-d
What is 27 (base 14) in base 3?
1022
-2 (base 7) to base 3
-2
Convert -143 (base 10) to base 16.
-8f
-3 (base 7) to base 12
-3
Convert 3 